{"version":"1.0","provider_name":"NOTICIAS","provider_url":"https:\/\/laredsocial-noticias.com\/wp","author_name":"Editor en Jefe","author_url":"https:\/\/laredsocial-noticias.com\/wp\/author\/jorgeochoa\/","title":"Muera el mal Gobierno: Miguel Hidalgo - NOTICIAS","type":"rich","width":600,"height":338,"html":"<blockquote class=\"wp-embedded-content\" data-secret=\"IHKiIf7mg3\"><a href=\"https:\/\/laredsocial-noticias.com\/wp\/muera-el-mal-gobierno-miguel-hidalgo\/\">Muera el mal Gobierno: Miguel Hidalgo<\/a><\/blockquote><iframe sandbox=\"allow-scripts\" security=\"restricted\" src=\"https:\/\/laredsocial-noticias.com\/wp\/muera-el-mal-gobierno-miguel-hidalgo\/embed\/#?secret=IHKiIf7mg3\" width=\"600\" height=\"338\" title=\"\u00abMuera el mal Gobierno: Miguel Hidalgo\u00bb \u2014 NOTICIAS\" data-secret=\"IHKiIf7mg3\" frameborder=\"0\" marginwidth=\"0\" marginheight=\"0\" scrolling=\"no\" class=\"wp-embedded-content\"><\/iframe><script>\n\/*! This file is auto-generated *\/\n!function(d,l){\"use strict\";l.querySelector&&d.addEventListener&&\"undefined\"!=typeof URL&&(d.wp=d.wp||{},d.wp.receiveEmbedMessage||(d.wp.receiveEmbedMessage=function(e){var t=e.data;if((t||t.secret||t.message||t.value)&&!\/[^a-zA-Z0-9]\/.test(t.secret)){for(var s,r,n,a=l.querySelectorAll('iframe[data-secret=\"'+t.secret+'\"]'),o=l.querySelectorAll('blockquote[data-secret=\"'+t.secret+'\"]'),c=new RegExp(\"^https?:$\",\"i\"),i=0;i<o.length;i++)o[i].style.display=\"none\";for(i=0;i<a.length;i++)s=a[i],e.source===s.contentWindow&&(s.removeAttribute(\"style\"),\"height\"===t.message?(1e3<(r=parseInt(t.value,10))?r=1e3:~~r<200&&(r=200),s.height=r):\"link\"===t.message&&(r=new URL(s.getAttribute(\"src\")),n=new URL(t.value),c.test(n.protocol))&&n.host===r.host&&l.activeElement===s&&(d.top.location.href=t.value))}},d.addEventListener(\"message\",d.wp.receiveEmbedMessage,!1),l.addEventListener(\"DOMContentLoaded\",function(){for(var e,t,s=l.querySelectorAll(\"iframe.wp-embedded-content\"),r=0;r<s.length;r++)(t=(e=s[r]).getAttribute(\"data-secret\"))||(t=Math.random().toString(36).substring(2,12),e.src+=\"#?secret=\"+t,e.setAttribute(\"data-secret\",t)),e.contentWindow.postMessage({message:\"ready\",secret:t},\"*\")},!1)))}(window,document);\n\/\/# sourceURL=https:\/\/laredsocial-noticias.com\/wp\/wp-includes\/js\/wp-embed.min.js\n<\/script>\n","description":"Ya me voy convenciendo, y ojal\u00e1 que no termine equivocando, de que el \u00fanico economista funcionario serio en sus juicios, contradictoriamente porque es empleado del ap\u00e1trida Fondo Monetario Internacional, es Agust\u00edn Carstens que siempre desment\u00eda las idiotas afirmaciones de Luis Videgaray cuando este desgobernaba la econom\u00eda nacional."}

Ya me voy convenciendo, y ojalá que no termine equivocando, de que el único economista funcionario serio en sus juicios, contradictoriamente porque es empleado del apátrida Fondo Monetario Internacional, es Agustín Carstens que siempre desmentía las idiotas afirmaciones de Luis Videgaray cuando este desgobernaba la economía nacional.
