{"version":"1.0","provider_name":"NOTICIAS","provider_url":"https:\/\/laredsocial-noticias.com\/wp","author_name":"Editor en Jefe","author_url":"https:\/\/laredsocial-noticias.com\/wp\/author\/jorgeochoa\/","title":"Tiempo por Miedo - NOTICIAS","type":"rich","width":600,"height":338,"html":"<blockquote class=\"wp-embedded-content\" data-secret=\"xKA8boDfbo\"><a href=\"https:\/\/laredsocial-noticias.com\/wp\/tiempo-por-miedo\/\">Tiempo por Miedo<\/a><\/blockquote><iframe sandbox=\"allow-scripts\" security=\"restricted\" src=\"https:\/\/laredsocial-noticias.com\/wp\/tiempo-por-miedo\/embed\/#?secret=xKA8boDfbo\" width=\"600\" height=\"338\" title=\"\u00abTiempo por Miedo\u00bb \u2014 NOTICIAS\" data-secret=\"xKA8boDfbo\" frameborder=\"0\" marginwidth=\"0\" marginheight=\"0\" scrolling=\"no\" class=\"wp-embedded-content\"><\/iframe><script>\n\/*! This file is auto-generated *\/\n!function(d,l){\"use strict\";l.querySelector&&d.addEventListener&&\"undefined\"!=typeof URL&&(d.wp=d.wp||{},d.wp.receiveEmbedMessage||(d.wp.receiveEmbedMessage=function(e){var t=e.data;if((t||t.secret||t.message||t.value)&&!\/[^a-zA-Z0-9]\/.test(t.secret)){for(var s,r,n,a=l.querySelectorAll('iframe[data-secret=\"'+t.secret+'\"]'),o=l.querySelectorAll('blockquote[data-secret=\"'+t.secret+'\"]'),c=new RegExp(\"^https?:$\",\"i\"),i=0;i<o.length;i++)o[i].style.display=\"none\";for(i=0;i<a.length;i++)s=a[i],e.source===s.contentWindow&&(s.removeAttribute(\"style\"),\"height\"===t.message?(1e3<(r=parseInt(t.value,10))?r=1e3:~~r<200&&(r=200),s.height=r):\"link\"===t.message&&(r=new URL(s.getAttribute(\"src\")),n=new URL(t.value),c.test(n.protocol))&&n.host===r.host&&l.activeElement===s&&(d.top.location.href=t.value))}},d.addEventListener(\"message\",d.wp.receiveEmbedMessage,!1),l.addEventListener(\"DOMContentLoaded\",function(){for(var e,t,s=l.querySelectorAll(\"iframe.wp-embedded-content\"),r=0;r<s.length;r++)(t=(e=s[r]).getAttribute(\"data-secret\"))||(t=Math.random().toString(36).substring(2,12),e.src+=\"#?secret=\"+t,e.setAttribute(\"data-secret\",t)),e.contentWindow.postMessage({message:\"ready\",secret:t},\"*\")},!1)))}(window,document);\n\/\/# sourceURL=https:\/\/laredsocial-noticias.com\/wp\/wp-includes\/js\/wp-embed.min.js\n<\/script>\n","description":"Yo creo que ni masacrando al movimiento magisterial opuesto a la llamada reforma educativa, podr\u00e1 ser parado. Se desataron los demonios y, como dec\u00edamos ayer, el mal humos social se convirti\u00f3 en un encabronado encabronamiento en todos los sectores de la sociedad mexicana, inclusive entre los empresarios."}

Yo creo que ni masacrando al movimiento magisterial opuesto a la llamada reforma educativa, podrá ser parado. Se desataron los demonios y, como decíamos ayer, el mal humos social se convirtió en un encabronado encabronamiento en todos los sectores de la sociedad mexicana, inclusive entre los empresarios.
